{"id":250,"date":"2018-08-15T13:15:42","date_gmt":"2018-08-15T11:15:42","guid":{"rendered":"http:\/\/www.patricia-olive-prost.fr\/?page_id=250"},"modified":"2020-10-30T17:38:12","modified_gmt":"2020-10-30T16:38:12","slug":"livre-cezembre","status":"publish","type":"page","link":"https:\/\/www.patricia-olive-prost.fr\/index.php\/livre-cezembre\/","title":{"rendered":"Livre C\u00e9zembre"},"content":{"rendered":"<p>Pour acheter le livre \u00ab\u00a0C\u00e9zembre le R\u00e9veil\u00a0\u00bb, envoyez moi un paiement Paypal de 23\u20ac(lien \u00ab\u00a0Ajouter au panier\u00a0\u00bb ci-dessous). Le port est offert pour une exp\u00e9dition en France.<\/p>\n<p>Pour une exp\u00e9dition \u00e0 l&rsquo;\u00e9tranger merci de me contacter.<\/p>\n<form action=\"https:\/\/www.paypal.com\/cgi-bin\/webscr\" method=\"post\" target=\"paypal\"><input name=\"cmd\" type=\"hidden\" value=\"_s-xclick\" \/><br \/>\n<input name=\"hosted_button_id\" type=\"hidden\" value=\"YWH2GWXJ5Q48E\" \/><br \/>\n<input alt=\"PayPal, le r\u00e9flexe s\u00e9curit\u00e9 pour payer en ligne\" name=\"submit\" src=\"https:\/\/www.paypalobjects.com\/fr_FR\/FR\/i\/btn\/btn_cart_LG.gif\" type=\"image\" \/><br \/>\n<img loading=\"lazy\" decoding=\"async\" src=\"https:\/\/www.paypalobjects.com\/fr_FR\/i\/scr\/pixel.gif\" alt=\"\" width=\"1\" height=\"1\" border=\"0\" \/><\/form>\n<p><a href=\"http:\/\/www.patricia-olive-prost.fr\/wp-content\/uploads\/2018\/08\/dossierdepressecezembre-1-3.pdf\">Dossier de presse ici<\/a><\/p>\n<p><img loading=\"lazy\" decoding=\"async\" class=\"alignnone size-large wp-image-309\" src=\"http:\/\/www.patricia-olive-prost.fr\/wp-content\/uploads\/2018\/08\/Capture-d\u2019e\u0301cran-2018-08-15-a\u0300-13.20.35-1024x476.png\" alt=\"\" width=\"1024\" height=\"476\" srcset=\"https:\/\/www.patricia-olive-prost.fr\/wp-content\/uploads\/2018\/08\/Capture-d\u2019e\u0301cran-2018-08-15-a\u0300-13.20.35-1024x476.png 1024w, https:\/\/www.patricia-olive-prost.fr\/wp-content\/uploads\/2018\/08\/Capture-d\u2019e\u0301cran-2018-08-15-a\u0300-13.20.35-300x139.png 300w, https:\/\/www.patricia-olive-prost.fr\/wp-content\/uploads\/2018\/08\/Capture-d\u2019e\u0301cran-2018-08-15-a\u0300-13.20.35-768x357.png 768w, https:\/\/www.patricia-olive-prost.fr\/wp-content\/uploads\/2018\/08\/Capture-d\u2019e\u0301cran-2018-08-15-a\u0300-13.20.35-370x172.png 370w, https:\/\/www.patricia-olive-prost.fr\/wp-content\/uploads\/2018\/08\/Capture-d\u2019e\u0301cran-2018-08-15-a\u0300-13.20.35-1040x483.png 1040w, https:\/\/www.patricia-olive-prost.fr\/wp-content\/uploads\/2018\/08\/Capture-d\u2019e\u0301cran-2018-08-15-a\u0300-13.20.35.png 1622w\" sizes=\"auto, (max-width: 1024px) 100vw, 1024px\" \/><\/p>\n<p><img loading=\"lazy\" decoding=\"async\" class=\"alignnone size-full wp-image-303\" src=\"http:\/\/www.patricia-olive-prost.fr\/wp-content\/uploads\/2018\/08\/Capture-d\u2019e\u0301cran-2018-08-15-a\u0300-13.20.24.png\" alt=\"\" width=\"1064\" height=\"746\" srcset=\"https:\/\/www.patricia-olive-prost.fr\/wp-content\/uploads\/2018\/08\/Capture-d\u2019e\u0301cran-2018-08-15-a\u0300-13.20.24.png 1064w, https:\/\/www.patricia-olive-prost.fr\/wp-content\/uploads\/2018\/08\/Capture-d\u2019e\u0301cran-2018-08-15-a\u0300-13.20.24-300x210.png 300w, https:\/\/www.patricia-olive-prost.fr\/wp-content\/uploads\/2018\/08\/Capture-d\u2019e\u0301cran-2018-08-15-a\u0300-13.20.24-768x538.png 768w, https:\/\/www.patricia-olive-prost.fr\/wp-content\/uploads\/2018\/08\/Capture-d\u2019e\u0301cran-2018-08-15-a\u0300-13.20.24-1024x718.png 1024w, https:\/\/www.patricia-olive-prost.fr\/wp-content\/uploads\/2018\/08\/Capture-d\u2019e\u0301cran-2018-08-15-a\u0300-13.20.24-370x259.png 370w, https:\/\/www.patricia-olive-prost.fr\/wp-content\/uploads\/2018\/08\/Capture-d\u2019e\u0301cran-2018-08-15-a\u0300-13.20.24-1040x729.png 1040w\" sizes=\"auto, (max-width: 1064px) 100vw, 1064px\" \/><\/p>\n<p><img loading=\"lazy\" decoding=\"async\" src=\"https:\/\/www.paypalobjects.com\/fr_FR\/i\/scr\/pixel.gif\" alt=\"\" width=\"1\" height=\"1\" border=\"0\" \/><\/p>\n","protected":false},"excerpt":{"rendered":"<p>Pour acheter le livre \u00ab\u00a0C\u00e9zembre le R\u00e9veil\u00a0\u00bb, envoyez moi un paiement Paypal de 23\u20ac(lien \u00ab\u00a0Ajouter au panier\u00a0\u00bb ci-dessous). Le port est offert pour une exp\u00e9dition en France. Pour une exp\u00e9dition \u00e0 l&rsquo;\u00e9tranger merci de me contacter. Dossier de presse ici<\/p>\n","protected":false},"author":1,"featured_media":0,"parent":0,"menu_order":0,"comment_status":"closed","ping_status":"closed","template":"","meta":{"footnotes":""},"class_list":["post-250","page","type-page","status-publish","hentry"],"_links":{"self":[{"href":"https:\/\/www.patricia-olive-prost.fr\/index.php\/wp-json\/wp\/v2\/pages\/250","targetHints":{"allow":["GET"]}}],"collection":[{"href":"https:\/\/www.patricia-olive-prost.fr\/index.php\/wp-json\/wp\/v2\/pages"}],"about":[{"href":"https:\/\/www.patricia-olive-prost.fr\/index.php\/wp-json\/wp\/v2\/types\/page"}],"author":[{"embeddable":true,"href":"https:\/\/www.patricia-olive-prost.fr\/index.php\/wp-json\/wp\/v2\/users\/1"}],"replies":[{"embeddable":true,"href":"https:\/\/www.patricia-olive-prost.fr\/index.php\/wp-json\/wp\/v2\/comments?post=250"}],"version-history":[{"count":14,"href":"https:\/\/www.patricia-olive-prost.fr\/index.php\/wp-json\/wp\/v2\/pages\/250\/revisions"}],"predecessor-version":[{"id":562,"href":"https:\/\/www.patricia-olive-prost.fr\/index.php\/wp-json\/wp\/v2\/pages\/250\/revisions\/562"}],"wp:attachment":[{"href":"https:\/\/www.patricia-olive-prost.fr\/index.php\/wp-json\/wp\/v2\/media?parent=250"}],"curies":[{"name":"wp","href":"https:\/\/api.w.org\/{rel}","templated":true}]}}