{"id":29,"date":"2017-08-25T18:25:23","date_gmt":"2017-08-25T16:25:23","guid":{"rendered":"http:\/\/stephane-olive.com\/patriciaolive\/?page_id=29"},"modified":"2020-10-30T17:37:52","modified_gmt":"2020-10-30T16:37:52","slug":"exposition","status":"publish","type":"page","link":"https:\/\/www.patricia-olive-prost.fr\/index.php\/exposition\/","title":{"rendered":"Expositions"},"content":{"rendered":"<ul>\n<li>Et\u00e9 2010 : Yacht club de Dinard<\/li>\n<li>Nov 2010 : Parlement de Bretagne RENNES<\/li>\n<li>Et\u00e9 2011 : Yacht club de Dinard<\/li>\n<li>Janv. 2012 : Yacht club de France PARIS<\/li>\n<li>Et\u00e9 2012 : Grand Hotel Barri\u00e8re DINARD<\/li>\n<li>Et\u00e9 2013 : Grand Hotel Barri\u00e8re DINARD<\/li>\n<li>Et\u00e9 2014 : Grand Hotel Barri\u00e8re DINARD<\/li>\n<li>Et\u00e9 2016 : Grand hotel Barri\u00e8re DINARD<\/li>\n<li>Et\u00e9 2017 : Grand hotel Barri\u00e8re DINARD<\/li>\n<li>Juin 2017 : Festival de peinture de Saint-Suliac<\/li>\n<li>Mai \u00e0 Juillet 2018 :\u00a0Grand hotel Barri\u00e8re DINARD<\/li>\n<li>Mai \u00e0 septembre 2019 : Le Cunningham &#8211; Saint-Malo<\/li>\n<li>Depuis mai 2020 : Exposition permanente boutique SUITE 13 Dinard<\/li>\n<\/ul>\n\n\n<p><\/p>\n","protected":false},"excerpt":{"rendered":"<p>Et\u00e9 2010 : Yacht club de Dinard Nov 2010 : Parlement de Bretagne RENNES Et\u00e9 2011 : Yacht club de Dinard Janv. 2012 : Yacht club de France PARIS Et\u00e9 2012 : Grand Hotel Barri\u00e8re DINARD Et\u00e9 2013 : Grand Hotel Barri\u00e8re DINARD Et\u00e9 2014 : Grand Hotel Barri\u00e8re DINARD Et\u00e9 2016 : Grand hotel [&hellip;]<\/p>\n","protected":false},"author":1,"featured_media":0,"parent":0,"menu_order":0,"comment_status":"closed","ping_status":"closed","template":"","meta":{"footnotes":""},"class_list":["post-29","page","type-page","status-publish","hentry"],"_links":{"self":[{"href":"https:\/\/www.patricia-olive-prost.fr\/index.php\/wp-json\/wp\/v2\/pages\/29","targetHints":{"allow":["GET"]}}],"collection":[{"href":"https:\/\/www.patricia-olive-prost.fr\/index.php\/wp-json\/wp\/v2\/pages"}],"about":[{"href":"https:\/\/www.patricia-olive-prost.fr\/index.php\/wp-json\/wp\/v2\/types\/page"}],"author":[{"embeddable":true,"href":"https:\/\/www.patricia-olive-prost.fr\/index.php\/wp-json\/wp\/v2\/users\/1"}],"replies":[{"embeddable":true,"href":"https:\/\/www.patricia-olive-prost.fr\/index.php\/wp-json\/wp\/v2\/comments?post=29"}],"version-history":[{"count":10,"href":"https:\/\/www.patricia-olive-prost.fr\/index.php\/wp-json\/wp\/v2\/pages\/29\/revisions"}],"predecessor-version":[{"id":561,"href":"https:\/\/www.patricia-olive-prost.fr\/index.php\/wp-json\/wp\/v2\/pages\/29\/revisions\/561"}],"wp:attachment":[{"href":"https:\/\/www.patricia-olive-prost.fr\/index.php\/wp-json\/wp\/v2\/media?parent=29"}],"curies":[{"name":"wp","href":"https:\/\/api.w.org\/{rel}","templated":true}]}}